650360?
8
What is the hundred thousands digit of 35842944?
8
What is the ten thousands digit of 69256841?
5
What is the hundred millions digit of 111709148?
1
What is the units digit of 38001543?
3
What is the ten millions digit of 2932147448?
3
What is the ten millions digit of 14143946?
1
What is the ten millions digit of 2509604656?
0
What is the millions digit of 950541878?
0
What is the ten millions digit of 585363873?
8
What is the millions digit of 1238155567?
8
What is the units digit of 2910486050?
0
What is the hundreds digit of 1122328363?
3
What is the hundreds digit of 3162963473?
4
What is the units digit of 62291409?
9
What is the billions digit of 1938521315?
1
What is the hundred millions digit of 201816753?
2
What is the tens digit of 5773996370?
7
What is the ten thousands digit of 7353483536?
8
What is the units digit of 2786281564?
4
What is the hundred thousands digit of 11541966?
5
What is the units digit of 4176636620?
0
What is the units digit of 376404933?
3
What is the ten thousands digit of 39603440?
0
What is the millions digit of 178023202?
8
What is the hundred millions digit of 3736516103?
7
What is the thousands digit of 92784314?
4
What is the hundreds digit of 59721803?
8
What is the ten millions digit of 318528325?
1
What is the hundred millions digit of 883878880?
8
What is the hundreds digit of 637880434?
4
What is the ten millions digit of 4099843463?
9
What is the units digit of 365830667?
7
What is the tens digit of 207947?
4
What is the hundred thousands digit of 263210423?
2
What is the millions digit of 177443033?
7
What is the hundreds digit of 665820610?
6
What is the ten millions digit of 16166226?
1
What is the units digit of 136589031?
1
What is the millions digit of 1368044406?
8
What is the tens digit of 9292555?
5
What is the millions digit of 2664415065?
4
What is the millions digit of 285324412?
5
What is the hundreds digit of 56050788?
7
What is the ten thousands digit of 391799438?
9
What is the tens digit of 274516272?
7
What is the ten millions digit of 12710057?
1
What is the ten thousands digit of 27633457?
3
What is the hundreds digit of 3426526518?
5
What is the tens digit of 256599095?
9
What is the ten thousands digit of 6782416?
8
What is the tens digit of 7983439942?
4
What is the hundreds digit of 1102646592?
5
What is the ten thousands digit of 104328901?
2
What is the thousands digit of 43206939?
6
What is the millions digit of 197753514?
7
What is the ten thousands digit of 33934347?
3
What is the hundreds digit of 1926616855?
8
What is the hundred thousands digit of 58947770?
9
What is the ten millions digit of 16991362?
1
What is the units digit of 715858698?
8
What is the hundreds digit of 149375514?
5
What is the units digit of 82359073?
3
What is the ten millions digit of 1683842184?
8
What is the hundreds digit of 282759485?
4
What is the hundreds digit of 20313099?
0
What is the thousands digit of 564817156?
7
What is the thousands digit of 536580093?
0
What is the millions digit of 2368071250?
8
What is the thousands digit of 51078503?
8
What is the ten thousands digit of 12158469?
5
What is the thousands digit of 1010820138?
0
What is the hundred millions digit of 2786651685?
7
What is the hundreds digit of 227178374?
3
What is the hundreds digit of 2921121?
1
What is the tens digit of 44001467?
6
What is the ten thousands digit of 853116284?
1
What is the ten thousands digit of 1972694776?
9
What is the thousands digit of 69107318?
7
What is the units digit of 778473130?
0
What is the hundred millions digit of 386885323?
3
What is the ten millions digit of 1178988869?
7
What is the hundred thousands digit of 2674210061?
2
What is the hundreds digit of 299649145?
1
What is the thousands digit of 94566883?
6
What is the tens digit of 227469040?
4
What is the millions digit of 111266079?
1
What is the hundreds digit of 105919096?
0
What is the tens digit of 778093172?
7
What is the tens digit of 2058474887?
8
What is the ten millions digit of 593647576?
9
What is the thousands digit of 270927196?
7
What is the ten thousands digit of 60173405?
7
What is the hundred thousands digit of 292367673?
3
What is the tens digit of 264266386?
8
What is the hundred thousands digit of 325712544?
7
What is the units digit of 2232788352?
2
What is the units digit of 50166635?
5
What is the tens digit of 3490000126?
2
What is the units digit of 177276868?
8
What is the thousands digit of 136923499?
3
What is the tens digit of 114544727?
2
What is the ten thousands digit of 17341537?
4
What is the thousands digit of 386195595?
5
What is the hundreds digit of 13457961?
9
What is the units digit of 944611023?
3
What is the hundred millions digit of 5752567690?
7
What is the hundreds digit of 355035117?
1
What is the ten thousands digit of 234147589?
4
What is the hundred millions digit of 1640189136?
6
What is the units digit of 387623016?
6
What is the ten millions digit of 3795319165?
9
What is the ten millions digit of 43499583?
4
What is the ten millions digit of 173391720?
7
What is the ten thousands digit of 7280354?
8
What is the thousands digit of 40359464?
9
What is the ten thousands digit of 452706966?
0
What is the billions digit of 3747125215?
3
What is the millions digit of 53273666?
3
What is the thousands digit of 1204563793?
3
What is the hundreds digit of 823008362?
3
What is the hundred thousands digit of 53129287?
1
What is the hundreds digit of 268655247?
2
What is the tens digit of 64162092?
9
What is the ten millions digit of 1903009557?
0
What is the thousands digit of 2396669656?
9
What is the thousands digit of 391197293?
7
What is the millions digit of 1893342267?
3
What is the ten millions digit of 5815375043?
1
What is the ten millions digit of 20821807?
2
What is the ten millions digit of 41715440?
4
What is the hundred thousands digit of 59525949?
5
What is the ten millions digit of 12309583?
1
What is the hundred millions digit of 399911658?
3
What is the ten thousands digit of 61937786?
3
What is the tens digit of 931798418?
1
What is the hundred thousands digit of 142482029?
4
What is the thousands digit of 308630932?
0
What is the tens digit of 99002320?
2
What is the units digit of 255406278?
8
What is the thousands digit of 1708229988?
9
What is the units digit of 1874074130?
0
What is the ten millions digit of 38488402?
3
What is the thousands digit of 1072757682?
7
What is the hundreds digit of 259890711?
7
What is the tens digit of 419845791?
9
What is the millions digit of 256614206?
6
What is the units digit of 27135058?
8
What is the ten millions digit of 31984745?
3
What is the hundred thousands digit of 239674575?
6
What is the ten millions digit of 152669955?
5
What is the millions digit of 2777370368?
7
What is the hundreds digit of 6841320?
3
What is the thousands digit of 662992801?
2
What is the ten thousands digit of 1092249295?
4
What is the units digit of 28426754?
4
What is the hundred thousands digit of 1234245297?
2
What is the ten millions digit of 348458970?
4
What is the hundred millions digit of 2511360313?
5
What is the ten thousands digit of 3774004481?
0
What is the hundreds digit of 94009149?
1
What is the hundreds digit of 258154595?
5
What is the units digit of 60052880?
0
What is the ten thousands digit of 1740813291?
1
What is the units digit of 1264870856?
6
What is the ten thousands digit of 2391217142?
1
What is the thousands digit of 141722961?
2
What is the ten thousands digit of 56127920?
2
What is the thousands digit of 26585073?
5
What is the ten thousands digit of 76005559?
0
What is the thousands digit of 101581491?
1
What is the hundreds digit of 2186436965?
9
What is the hundred millions digit of 1966475833?
9
What is the ten thousands digit of 1487312715?
1
What is the hundreds digit of 68368239?
2
What is the hundreds digit of 307045812?
8
What is the hundred thousands digit of 39664446?
6
What is the hundreds digit of 390833302?
3
What is the hundred thousands digit of 113721286?
7
What is the tens digit of 1030520752?
5
What is the thousands digit of 62415685?
5
What is the units digit of 5121581582?
2
What is the millions digit of 746899341?
6
What is the hundred thousands digit of 1578743941?
7
Wha